late the remainder when c is divided by m + 0 - (1 + -34).
30
Suppose 3*r - 128 = 28. Suppose -5*g - 4*t = -78, 2*t - 5*t + 45 = 3*g. Calculate the remainder when r is divided by g.
16
Let m = -12 - -1. Let n(p) = p + 25. Suppose -c = 37 - 62. What is the remainder when c is divided by n(m)?
11
Let c = -3388 - -3467. What is the remainder when c is divided by (-2)/6 - 49/(-3)?
15
Suppose 2*s - 158 = -4*a - 14, 3*s = 5*a - 180. What is the remainder when 318 is divided by a?
30
Calculate the remainder when (-14649)/(-257) + -10 + -1 is divided by 29.
17
Suppose -3*w + 176 = -1. Let y be 16/88 + (-1908)/(-33). Suppose 3*o - o - 2*m - 34 = 0, 0 = -4*o + 2*m + y. What is the remainder when w is divided by o?
11
Suppose 0 = -3*i + 3*w + 21, 4*i - 31 = 2*w + w. Calculate the remainder when ((-4)/((-8)/6))/((-3588)/1222 + 3) is divided by i.
7
Let j = -111 + 70. Let z = -35 - j. Suppose -i - 4*i + 45 = 0. What is the remainder when i is divided by z?
3
Let r = 46 - 42. Suppose -r*d = -t - 83, -t - 15 = -4*t. Calculate the remainder when 129 is divided by d.
19
Let z = -2074 - -2185. Calculate the remainder when 260 is divided by z.
38
Let c(p) = p**3 - 4*p**2 + 12. Let b be c(3). Suppose b*m = 5*v - 0*v + 454, -m + 5*v = -138. What is the remainder when m is divided by 32?
30
Let k(u) = -u**2 - 4*u + 7. Let y be 30/(-8) + (-30)/(-40). What is the remainder when (1 + 0 - 3) + 21 is divided by k(y)?
9
Let o = -1573 + 2691. Calculate the remainder when o is divided by 80.
78
Suppose 5*l = 2*l - 27. Let i = -240 + 254. Calculate the remainder when (l/12)/((-2)/144) is divided by i.
12
Let u(m) = -m**2 + 6*m - 4. Let z be u(6). Let a be z/3*(-57)/38. Calculate the remainder when 34/((-12)/8 + a) is divided by 23.
22
Let v = 63 + -42. Let t = 30 - -25. Suppose 2*o + t = 7*o. Calculate the remainder when v is divided by o.
10
Let m(n) = -n**3 - 6*n**2 + n + 7. Let z be m(-6). Suppose 0 = 4*p + z - 21. What is the remainder when 14 is divided by p?
4
Suppose -4*j + 98 = 3*j. Let d = 119 + j. Calculate the remainder when d is divided by 27.
25
Let g be (-44)/2 - (-18 + 18). Let r = 5 - g. Suppose 4*a - 37 = 19. What is the remainder when r is divided by a?
13
Suppose 0 = 4*b - 2*b - 22. Suppose -13*y + 554 + 583 - 435 = 0. What is the remainder when y is divided by b?
10
Suppose d + d = 8. Suppose h + 2*h = 2*u, -22 = -u - d*h. What is the remainder when 16 is divided by u?
4
Suppose 4*j + 104 = q, 14*q - j = 10*q + 461. What is the remainder when q is divided by 17?
14
Suppose -4*l + 20 = 0, -2*c + 5*l - 25 = -8. Suppose -c*p - j = -13, -p + j = -2*j. Suppose 2*a - 29 + p = 0. What is the remainder when 50 is divided by a?
11
Suppose 3*g = n - 15, -4*g - 39 = -4*n + 29. What is the remainder when 47 is divided by n?
11
Let k = -3220 + 3248. Calculate the remainder when 74 is divided by k.
18
Suppose o + 5*d - 12 = 0, 3*d = -0*d - 3. Let b = o + -15. Suppose b*w - 10 - 36 = 0. What is the remainder when w is divided by 13?
10
Let j(d) = 3*d - 2. Let w = 0 - -3. Calculate the remainder when j(w) is divided by (-4)/(-6)*(4 - 3)*3.
1
What is the remainder when 108 + -1 + (20 - 9) is divided by 8?
6
What is the remainder when (-25 + -6)*(5 - 7) is divided by 34?
28
Let u be (6/(-9))/(2/6). Let y be ((-1)/u)/(1/2). Suppose y = 4*w - 39. What is the remainder when 18 is divided by w?
8
Let f = 44 + 23. What is the remainder when f is divided by ((-1)/(-1))/(1/23)?
21
What is the remainder when (-24)/32*520/(-6) is divided by 35?
30
Suppose 0 = -2*j - j + 60. Suppose 4*m + 263 = 9*m - v, 3*m - 144 = -4*v. What is the remainder when m is divided by j?
12
Suppose -n = 7*t - 5*t - 423, 3*t - 5*n = 654. Let v = t - 108. What is the remainder when v is divided by 28?
21
Suppose -2*a + 90 + 232 = 4*d, -d = a - 78. Calculate the remainder when 1240 is divided by d.
78
Calculate the remainder when -1 + 0 + (78 - -1) is divided by 328/(-48) + 6 - (-3)/36*250.
18
Suppose -13 = -4*l - 21. Let p(r) = -3*r**3 + 3*r**2 + r - 2. Let g = 6 + 5. Calculate the remainder when p(l) is divided by g.
10
Let b = -618 + 669. Calculate the remainder when 198 is divided by b.
45
Suppose 0 = 2*g + 57 - 61. What is the remainder when 14 is divided by g?
0
Let d(v) = 2*v**2 - 3*v - 57. Calculate the remainder when d(10) is divided by 27.
5
Let y = 1501 + -981. Calculate the remainder when y is divided by 35.
30
Let w(f) = 3*f**2 + f + 4. What is the remainder when w(3) is divided by (13 + (-3 - -8))/(0 - -2)?
7
Suppose -4*i + 186 = 114. What is the remainder when 125 is divided by i?
17
Let g = -7 - -11. Let p be g + -1 - (-17 + -5). Let f = -17 + p. What is the remainder when f is divided by 3?
2
Let q = 4 + 8. Let p be 2/(2*4/(-260)). Let i = -18 - p. Calculate the remainder when i is divided by q.
11
What is the remainder when (7 + 1 + -2)*95/10 is divided by (-3 + 216/40)/(4/50)?
27
Let z(w) = w**2 - 4*w - 31. Calculate the remainder when z(9) is divided by 3.
2
Let p(l) = -l + 10. Let v be p(5). Suppose 3*s - 116 = 6*g - g, -2*s - v*g + 94 = 0. Calculate the remainder when 250 is divided by s.
40
Suppose -12*q - 104 = -20*q. Calculate the remainder when 205 is divided by q.
10
Let p = -905 - -1045. What is the remainder when p is divided by 76?
64
Suppose 2*h + 23*u = 24*u + 599, -4*h + 1195 = -u. Calculate the remainder when h is divided by 95.
13
Let l = 56 - 57. Calculate the remainder when (3/9)/(l/(-45)) is divided by 9.
6
Suppose 7*h - 8 = 3*h. Let n(b) = 2*b**3 - 2*b**2 + 4. Calculate the remainder when 20 is divided by n(h).
8
Let q be 2/4 + (-2028)/(-8). Suppose 6*l - 106 = q. What is the remainder when 118 is divided by l?
58
Suppose 0 = -4*q - 4*n - 64, -4*q = -q + 4*n + 51. Let z = 7 - q. What is the remainder when (-3 - 0)*z/(-12) is divided by 2?
1
Suppose 0*y + 3*y = -4*a + 347, 2*y - 342 = -4*a. Suppose -a = -7*p + 1. Calculate the remainder when 43 is divided by p.
7
Suppose -4*b - 3*c + 200 = 0, 28*b - 5*c + 245 = 33*b. Calculate the remainder when 159 is divided by b.
0
Let j = 598 - 520. Calculate the remainder when j is divided by 12.
6
Let z(j) = 16*j + 1. Let w(i) = 2*i**2 - 48*i - 41. What is the remainder when z(2) is divided by w(25)?
6
Let v be 25/(-10)*(-4 - -2). Let d(b) = 8 + 4*b - 6*b - 5 - v. Calculate the remainder when d(-6) is divided by 3.
1
Suppose 379*k = 385*k - 246. Calculate the remainder when 318 is divided by k.
31
Suppose -u - 5*n = -0*u - 30, 2*n - 8 = 0. What is the remainder when 689 is divided by u?
9
Let f(v) = 14*v + 19. Let p = 113 - 110. Calculate the remainder when 179 is divided by f(p).
57
Suppose 6*p + 2*p + 128 = 0. Calculate the remainder when 82 is divided by p/(-24)*(-63)/(-2).
19
Suppose 4*b = 2 + 22. Suppose 9*j = b*j + 51. Calculate the remainder when 32 is divided by j.
15
Let g(o) = -o**3 - 7*o**2 - 7*o - 4. Suppose i + 1 + 17 = -4*t, 3*i - 4*t = -6. Let s be g(i). Calculate the remainder when 78 is divided by 1*(4 - s) + 18.
18
Let i(p) = 77*p**2 - p + 2. What is the remainder when i(1) is divided by 27?
24
What is the remainder when 55 is divided by 7*(2*-2 + -4 + 9)?
6
Calculate the remainder when (-4)/12*4*-66 is divided by 46.
42
Suppose 68 = 2*g - 16. Calculate the remainder when g is divided by (-4)/8*(-24 + 2).
9
Suppose -5*l + 3*l = -122. Suppose -129 = -2*j + v, 0*j + j + 3*v = l. Suppose j = 4*o - 88. What is the remainder when o is divided by 20?
18
Let u(z) = z**2 - 8*z + 29. What is the remainder when 22 is divided by u(4)?
9
Calculate the remainder when (-64)/(-6)*(-42)/(-7) is divided by 6.
4
Suppose 0 = 5*n + 3*h + 79 + 106, -5*n + 2*h - 160 = 0. Suppose -22*a = 528 - 154. Let u = a - n. What is the remainder when u is divided by 10?
7
Let y(x) = 15. Let i(j) = j + 1. Let r(d) = i(d) + y(d). What is the remainder when 20 is divided by r(-8)?
4
Suppose -23*c - 240 = -1045. Calculate the remainder when c is divided by 10.
5
Suppose -6*x - 5*i - 64 = -10*x, -6 = -2*x - 4*i. What is the remainder when 29 is divided by x?
7
Let h be -2 + 4 - 4/2. Let a = 19 - h. What is the remainder when 130 is divided by a?
16
Let o = 51 + -52. Let z(h) = -18*h. What is the remainder when 50 is divided by z(o)?
14
Let y(b) = -2*b + 29. Let r be y(-8). Suppose 0 = 4*n - c - 45, -6*n - c = -n - r. Calculate the remainder when